 (-52)/w + (-4)/10?
0
Let g(b) = 5*b**3 + b**2 + b + 1. Let h be g(-1). Let y(o) = o + 5. What is the units digit of y(h)?
1
Suppose -3*p + 2 = -2*p. Suppose v + 5 = p*o - 3, 0 = -5*v - 4*o + 2. What is the units digit of (-14)/v + 2/(-1)?
5
Suppose 0*r = -5*r + 90. Let a = 42 - r. What is the tens digit of a?
2
Let n(l) = -2*l**2 + l - 7. Let g be n(-6). Let d = g + 48. What is the units digit of d/(-7) + 6/(-21)?
5
Let m(w) be the second derivative of -w**5/20 + w**3/6 + 29*w**2/2 + 4*w. What is the tens digit of m(0)?
2
Let v(a) = a**3 - 10*a**2 - 5*a - 10. What is the tens digit of v(11)?
5
Suppose 3*l - 36 = -0*l. Suppose s + 2*d + l = 0, -6 = -2*s + 3*d - d. What is the units digit of (-2 + 3)/((-1)/s)?
2
Suppose -243 = -2*y + k, 10*k = 5*y + 5*k - 595. What is the hundreds digit of y?
1
Let f(p) = -1 - 4*p**2 + 2*p**2 + 0*p**2 + p - 2*p**3. What is the units digit of f(-2)?
5
Suppose 3*p - r - 11 = -p, 4*p = -2*r + 26. Suppose -2*q + p*q - 26 = 0. What is the tens digit of q?
1
Let s(b) = -b**2 + 4*b - 1. Let g be s(2). Suppose -g + 23 = 2*a. What is the units digit of a?
0
Let k = 5 - 0. Suppose k*h = 2*h + 9. Let d = 7 - h. What is the units digit of d?
4
Let w = -1 - -67. What is the tens digit of w?
6
Let o = -95 - -162. Let m = 106 - o. What is the units digit of m?
9
Let z be 9/2 - 1/2. Suppose -3*a + 15 = i - 5, -z*i + a + 15 = 0. Suppose 0 = t + 2*r + 7, -t - i*r - 1 = 21. What is the units digit of t?
3
Let h = -37 - -74. Suppose 0 = c - h + 6. Suppose -2*k + c = 5. What is the tens digit of k?
1
Suppose 4*v = -4*v + 864. What is the units digit of v?
8
Suppose 2*p - 142 - 154 = 0. What is the hundreds digit of p?
1
Let s = -5 + 3. Let j = s + 6. Suppose 0*a + j = 4*a. What is the units digit of a?
1
Suppose 1 - 2 = q. Let f = 0 - -1. What is the units digit of (q - f) + 1 - -7?
6
Suppose 3*u - m - 363 = -2*m, -2*m + 238 = 2*u. Suppose 0 = -3*k - 0*k + 3, -2*j + 4*k = -u. Suppose -5*r = 13 - j. What is the tens digit of r?
1
Let g(b) = 3*b - 5. Let u(x) = -2 - 7 + 13*x - 8*x. Let l(n) = 7*g(n) - 4*u(n). What is the units digit of l(5)?
6
Let l = -62 + 93. What is the units digit of l?
1
Let d = -4 + 3. Let o = 1 - d. What is the units digit of o?
2
Let u(m) = 2*m - 1. Let i be 6/4 - (-6)/12. Let y be u(i). Suppose -y*q = q - 4. What is the units digit of q?
1
What is the tens digit of (74/(-4))/((-5)/20)?
7
Let i be 1/(-1)*1*3. Let v = i + 7. Suppose d + 4*k = -v*d + 66, -d - 5*k + 9 = 0. What is the tens digit of d?
1
Let w = 298 - 189. Suppose 2*j = -37 + w. Let t = j - 26. What is the tens digit of t?
1
Let n = 34 + -10. What is the tens digit of n?
2
Let h(r) = -9*r - 44. What is the tens digit of h(-19)?
2
Suppose 98 = 5*c - 157. What is the units digit of c?
1
Suppose 3*p = 29 + 13. What is the tens digit of p?
1
Let z(u) = 3*u**2 + 2*u + 5. What is the units digit of z(-4)?
5
Suppose 8*y - 4*y - 324 = 0. Suppose 3*m - 38 = -l, 2*l + 4*m + m = y. What is the tens digit of l?
5
Let v be 4 - (0/(-2) - -2). Suppose v*u + u = 0. Suppose u*t + 30 = 5*t. What is the units digit of t?
6
What is the hundreds digit of 6/(-15) + (-4)/((-100)/2585)?
1
Let o = -3 + 14. Let p be 4/(-6) - 28/(-6). What is the tens digit of (p/(-2))/((-2)/o)?
1
Let r(d) = -3*d**2 + 2*d - 1. Let y be r(1). What is the tens digit of 224/(-40)*5/y?
1
Suppose -2*l = 3*l + 5. Let k = l - 4. What is the tens digit of (8/k)/((-4)/30)?
1
Let f be ((-4)/10)/(2/(-400)). Let b = f + -52. Suppose 70 = 5*r - 2*z, 0*r + b = 2*r - 3*z. What is the tens digit of r?
1
Suppose -4*u = 3*f - 29, 15 = 4*f + 5*u - 24. What is the units digit of f?
1
Let m be -1*2/(-2*1). Let n be (-3)/6*(-8)/m. What is the units digit of n/10 + (-76)/(-10)?
8
Suppose 0*m - 5*m = -115. Suppose -m + 85 = 2*u. What is the tens digit of u?
3
What is the units digit of -5 + (40 - -3) + 4?
2
Suppose -302*a = -297*a - 935. What is the units digit of a?
7
Let p = 3 + -11. Let n = 2 + p. Let q(b) = b**2 + 5*b - 5. What is the units digit of q(n)?
1
What is the units digit of 3/(-2)*(-5 + -1 + 4)?
3
Let f(g) = -g**2 - 4*g. Let b be f(-5). Let p(o) = -o**3 - 3*o**2 + 5*o - 4. What is the tens digit of p(b)?
2
Suppose 8 = -5*d - 7. Let z be -3*(-3 - 3/d). Suppose 4*w = -4*t + 48, -z = -w - 3*t - 0*t. What is the tens digit of w?
1
What is the tens digit of 67*((-3)/(-4) - (-1)/4)?
6
Let j be 6/(-3)*(-4)/2. Suppose 2*u - j*u = 0. Suppose u = -2*p + 6 - 0. What is the units digit of p?
3
Suppose -2*l = -4*l + 12. What is the units digit of l?
6
Suppose 0 = -p + 2 + 1. Suppose 28 = 5*i - p*i. What is the units digit of i?
4
Let r = -8 - -12. Suppose f - 5*c - 23 = 0, f + r*c - 20 = -3*f. What is the units digit of f?
8
Let a(v) = 2*v**3 - 7*v**2 + 7*v - 5. What is the hundreds digit of a(5)?
1
Suppose 0 = -2*m - 5*t, t + 4 = m - 3. What is the units digit of m?
5
Let k(j) = -j + 6. Let n be k(6). Suppose 2*s = 4*r - n*r - 18, -4*r = 3*s - 33. Suppose -2*x = 3*g - 1 + r, -4*g - 16 = 5*x. What is the units digit of g?
1
Let p(r) = -r + 2. Suppose 5*j + 20 = 3*j. What is the units digit of p(j)?
2
Let o(n) = -10*n - 2. Let k be o(-7). Suppose 17 = -3*h + k. What is the units digit of h?
7
Let o(y) = -y**2 - 8*y + 15. What is the tens digit of o(-8)?
1
Let n(w) = 12*w**2 + 3*w**2 + 3*w**2 - 8*w**2. Let f be -2*1*(-2)/4. What is the units digit of n(f)?
0
Suppose -1 - 15 = -4*c. Let w(a) = 3*a**2 - 2*a - 3. What is the units digit of w(c)?
7
Let z be 0/(2/(-1 + -1)). What is the tens digit of (-54)/(-4)*(z + 2)?
2
Let y be (0 - 3)*2/3. Let x be (y + 2/1)/2. Suppose -w + l + x*l + 3 = 0, 5*w - 30 = 2*l. What is the units digit of w?
8
Suppose 0 = -k + 4*b + 48, 0 = -2*k + 5*b - 35 + 137. What is the tens digit of k?
5
Suppose 0*v - 2*v + 4*w + 92 = 0, 138 = 3*v + 4*w. Let c = v + -24. What is the units digit of c?
2
Let m = 83 + -49. What is the units digit of m?
4
Suppose 0 = h - 2*n - 2, -2*h - 5*n + 6 + 7 = 0. Suppose 0 = -j + h*j - 24. Suppose j*r = 5*r + 6, -2*i - 4*r + 34 = 0. What is the tens digit of i?
1
Suppose 0*a - 3*a + 229 = -k, -a + 79 = -k. What is the units digit of a?
5
Let c(y) = -5*y + 6. Let t(u) = -u. Let f(h) = c(h) - 4*t(h). Let v be f(10). What is the units digit of v/3*6/(-4)?
2
Let d be (2*-1)/(4/(-64)). Suppose -d = -5*l - 7. Let y = l - -2. What is the units digit of y?
7
Let q(s) be the first derivative of -4*s**2 - 7*s - 4. What is the units digit of q(-3)?
7
Let s be (-2)/2*6/(-3). Suppose -w - 2*w = 5*g, 0 = s*w - 5*g. What is the units digit of w + (0 - -2)/2?
1
Let k = -38 + -18. Let l = k - -79. What is the units digit of l?
3
Suppose 0 = -p + 4*p - 24. Suppose -p*j = -4*j - 3*u - 16, 5 = j - u. What is the units digit of j?
1
Suppose -2*f + f + 48 = 0. What is the tens digit of f?
4
Let z(j) = j**2 - 9*j - 2. What is the units digit of z(14)?
8
Let g(r) = -r**2 - 4*r + 1. Suppose 0 = -3*f - 17 + 5. What is the units digit of g(f)?
1
Let q = 4 - 0. Suppose -q*h + 0*h = -28. What is the units digit of h?
7
Let k(t) = -t**2 - 7*t + 8. Let r be k(-8). Let w = r + 4. Suppose 7 = -4*x - 3*g + 20, 0 = 2*x - w*g - 12. What is the units digit of x?
4
Let p be (-12)/(-8) - 7/(-2). Let o = p + 8. What is the tens digit of o?
1
Let i(o) = -4*o + 1. Let s = 0 + 2. Suppose -4*f - 7 = k + 2*k, s = -5*k + 3*f. What is the units digit of i(k)?
5
Let s = 303 - 182. What is the units digit of s?
1
Let f(v) = -v**2 + 10*v + 4. Let t be ((-3)/9)/((-3)/54). What is the tens digit of f(t)?
2
Let y = -5 + 22. What is the tens digit of y?
1
Suppose 4*z + 12 + 0 = 0. What is the units digit of (1 + 0)*(-3)/z?
1
What is the units digit of -142*(-1 - (-6)/4)*-6?
6
Let i(q) = -39*q - 10. What is the hundreds digit of i(-7)?
2
Suppose g = 3*g + m - 56, -3*g - m + 86 = 0. Suppose -3*j - g = -2*d, 0*j - 14 = -2*d - j. What is the units digit of d?
9
Suppose -3*y = -y - 3*h - 133, -3*y + 3*h + 207 = 0. What is the units digit of y?
4
Suppose -33*r = -27*r - 1944. What is the hundreds digit of r?
3
Let b(w) = -w**3 + 10*w**2 - 8*w + 4. Let l be b(9). Suppose -s = 2*s - 9, 0 = t - 5*s + l. Suppose t = -5*a + 37. What is the units digit of a?
7
Suppose 5 = -t + 5*k, -k + 5 - 13 = -2*t. Suppose 5*v + 1 = -y, 2*y - t*v = 44 - 1. What is the tens digit of y?
1
Let c(y) = 9*y - 11. What is the units digit of c